63
What are the prime factors of 3922250?
2, 5, 29, 541
List the prime factors of 1864875.
3, 5, 4973
What are the prime factors of 196990?
2, 5, 19699
List the prime factors of 1856.
2, 29
List the prime factors of 194164.
2, 48541
What are the prime factors of 12736938?
2, 3, 2122823
What are the prime factors of 468687?
3, 156229
What are the prime factors of 69062?
2, 7, 4933
List the prime factors of 1386942.
2, 3, 139, 1663
What are the prime factors of 163614?
2, 3, 11, 37, 67
List the prime factors of 611089.
449, 1361
List the prime factors of 133113.
3, 44371
List the prime factors of 17024020.
2, 5, 13, 41, 1597
List the prime factors of 81648.
2, 3, 7
What are the prime factors of 5834505?
3, 5, 41, 53, 179
What are the prime factors of 82493?
82493
What are the prime factors of 112573?
112573
List the prime factors of 143434.
2, 29, 2473
List the prime factors of 671086.
2, 13, 53, 487
List the prime factors of 31986.
2, 3, 1777
List the prime factors of 2791573.
233, 11981
List the prime factors of 2243716.
2, 560929
What are the prime factors of 639955?
5, 149, 859
What are the prime factors of 455782?
2, 281, 811
What are the prime factors of 46092?
2, 3, 23, 167
What are the prime factors of 312473?
7, 911
List the prime factors of 621090.
2, 3, 5, 67, 103
List the prime factors of 2661502.
2, 1330751
What are the prime factors of 446296?
2, 55787
List the prime factors of 1111280.
2, 5, 29, 479
List the prime factors of 482706.
2, 3, 7, 1277
List the prime factors of 239419.
19, 12601
What are the prime factors of 630296?
2, 78787
What are the prime factors of 400777?
13, 30829
List the prime factors of 6170592.
2, 3, 17, 19, 199
What are the prime factors of 2870165?
5, 574033
What are the prime factors of 1526717?
23, 41, 1619
What are the prime factors of 3367710?
2, 3, 5, 12473
What are the prime factors of 710365?
5, 31, 4583
List the prime factors of 2867664.
2, 3, 59743
What are the prime factors of 403182?
2, 3, 13, 1723
What are the prime factors of 24605340?
2, 3, 5, 29, 79, 179
What are the prime factors of 143204?
2, 35801
What are the prime factors of 36975?
3, 5, 17, 29
What are the prime factors of 10185527?
11, 23, 127, 317
What are the prime factors of 31911687?
3, 29, 122267
What are the prime factors of 1477545?
3, 5, 137, 719
List the prime factors of 561345.
3, 5, 37423
What are the prime factors of 493442?
2, 17, 23, 631
What are the prime factors of 10770748?
2, 373, 7219
List the prime factors of 8555540.
2, 5, 7, 23, 2657
List the prime factors of 1628923.
17, 95819
List the prime factors of 1145257.
103, 11119
List the prime factors of 409261.
409261
What are the prime factors of 132022?
2, 11, 17, 353
What are the prime factors of 218313?
3, 127, 191
List the prime factors of 587390.
2, 5, 151, 389
What are the prime factors of 554862?
2, 3, 7, 11, 1201
What are the prime factors of 29054323?
4483, 6481
List the prime factors of 70544.
2, 4409
What are the prime factors of 8245949?
113, 72973
List the prime factors of 72069.
3, 24023
What are the prime factors of 9124132?
2, 2281033
List the prime factors of 8053170.
2, 3, 5, 268439
List the prime factors of 523672.
2, 67, 977
What are the prime factors of 8937989?
283, 31583
List the prime factors of 120923.
11, 10993
What are the prime factors of 1307132?
2, 229, 1427
List the prime factors of 4743589.
23, 31, 6653
What are the prime factors of 1559602?
2, 11, 70891
List the prime factors of 1318129.
17, 4561
List the prime factors of 898943.
17, 52879
What are the prime factors of 101607?
3, 11, 3079
List the prime factors of 1261274.
2, 7, 23, 3917
List the prime factors of 1042176.
2, 3, 23, 59
What are the prime factors of 8633814?
2, 3, 7, 199, 1033
List the prime factors of 584316.
2, 3, 16231
List the prime factors of 6625996.
2, 13, 127423
List the prime factors of 1095799.
233, 4703
List the prime factors of 234858.
2, 3, 13, 3011
List the prime factors of 500307.
3, 79, 2111
List the prime factors of 3999953.
23, 61, 2851
List the prime factors of 318483.
3, 11, 3217
What are the prime factors of 1982724?
2, 3, 127, 1301
List the prime factors of 5043335.
5, 11, 47, 1951
What are the prime factors of 9963411?
3, 17, 347, 563
What are the prime factors of 6285985?
5, 71, 17707
What are the prime factors of 3441429?
3, 17, 83, 271
List the prime factors of 1316854.
2, 7, 11, 17, 503
What are the prime factors of 12854326?
2, 373, 17231
What are the prime factors of 437927?
7, 73, 857
What are the prime factors of 6916046?
2, 199, 17377
What are the prime factors of 33038017?
19, 1738843
List the prime factors of 4992309.
3, 7, 109, 727
What are the prime factors of 2354460?
2, 3, 5, 39241
List the prime factors of 5423794.
2, 271, 10007
List the prime factors of 26128568.
2, 71, 157, 293
What are the prime factors of 1190365?
5, 11, 23, 941
List the prime factors of 10927781.
373, 29297
What are the prime factors of 169725?
3, 5, 31, 73
What are the prime factors of 953409?
3, 199, 1597
What are the prime factors of 444131?
444131
What are the prime factors of 2511829?
53, 83, 571
What are the prime factors of 7273075?
5, 290923
List the prime factors of 1025018.
2, 23, 22283
List the prime factors of 1664661.
3, 554887
List the prime factors of 3413659.
499, 6841
List the prime factors of 177276.
2, 3, 11, 17, 79
List the prime factors of 149996.
2, 7, 11, 487
What are the prime factors of 687218?
2, 7, 191, 257
What are the prime factors of 147391?
147391
List the prime factors of 2603282.
2, 11, 241, 491
List the prime factors of 5338844.
2, 7, 27239
List the prime factors of 445767.
3, 7, 21227
What are the prime factors of 7010088?
2, 3, 19, 15373
What are the prime factors of 2265806?
2, 37, 67, 457
List the prime factors of 37634.
2, 31, 607
List the prime factors of 180181.
180181
What are the prime factors of 1302876?
2, 3, 36191
List the prime factors of 3223708.
2, 197, 4091
What are the prime factors of 1145250?
2, 3, 5, 509
List the prime factors of 4360981.
109, 40009
What are the prime factors of 9046781?
9046781
What are the prime factors of 477399?
3, 13, 12241
List the prime factors of 5426342.
2, 43, 63097
What are the prime factors of 324814?
2, 7, 23201
What are the prime factors of 614885?
5, 31, 3967
What are the prime factors of 2461626?
2, 3, 163, 839
What are the prime factors of 620688?
2, 3, 67, 193
List the prime factors of 3016131.
3, 47, 21391
What are the prime factors of 7515728?
2, 11, 42703
What are the prime factors of 10734?
2, 3, 1789
What are the prime factors of 429141?
3, 53, 2699
List the prime factors of 6127185.
3, 5, 408479
List the prime factors of 2207953.
11, 200723
List the prime factors of 4560350.
2, 5, 223, 409
What are the prime factors of 3640524?
2, 3, 303377
List the prime factors of 3893655.
3, 5, 259577
What are the prime factors of 764059?
764059
List the prime factors of 651059.
739, 881
List the prime factors of 76848.
2, 3, 1601
List the prime factors of 1358753.
11, 101, 1223
What are the prime factors of 1392315?
3, 5, 92821
List the prime factors of 5817376.
2, 107, 1699
List the prime factors of 4721884.
2, 439, 2689
What are the prime factors of 15778692?
2, 3, 146099
What are the prime factors of 2089246?
2, 71, 14713
What are the prime factors of 253966?
2, 23, 5521
What are the prime factors of 385691?
449, 859
List the prime factors of 30973985.
5, 7, 23, 109, 353
List the prime factors of 824506.
2, 412253
List the prime factors of 161157.
3, 53719
What are the prime factors of 39238810?
2, 5, 13, 509, 593
List the prime factors of 10477090.
2, 5, 13, 83, 971
What are the prime factors of 332427?
3, 29, 3821
List the prime factors of 159529.
29, 5501
List the prime factors of 10971815.
5, 829, 2647
What are the prime factors of 9641111?
61, 2591
What are the prime factors of 17403591?
3, 71, 81707
What are the prime factors of 194142?
2, 3, 13, 19, 131
List the prime factors of 20957.
19, 1103
List the prime factors of 6801215.
5, 23, 59141
List the prime factors of 360789.
3, 11, 13, 29
List the prime factors of 16943458.
2, 7, 17, 71191
What are the prime factors of 446009?
446009
What are the prime factors of 180147?
3, 11, 53, 103
List the prime factors of 269